onvert -4b13a4 (base 13) to base 7.
-21214113
-1133510444 (base 6) to base 3
-220001011100101
17856a (base 15) to base 10
1141975
-10111110010000111110111 (base 2) to base 8
-27620767
What is -33a561 (base 11) in base 6?
-15332522
-235651 (base 9) to base 3
-21012201201
Convert -310110311 (base 4) to base 2.
-110100010100110101
Convert 60379 (base 14) to base 16.
38717
Convert -bc15 (base 16) to base 11.
-331a2
-24342 (base 16) to base 9
-245366
Convert 656512 (base 7) to base 12.
56787
1111111010100111101 (base 2) to base 4
1333110331
What is -3e8701 (base 15) in base 4?
-23200030123
Convert -6365a6a (base 11) to base 5.
-10332131211
12102012221112 (base 3) to base 2
1010111110101001100100
5202701 (base 9) to base 11
1627715
What is -21210001001220 (base 3) in base 12?
-1474596
Convert 1b47c (base 14) to base 2.
10000111101110110
Convert -10010122100 (base 3) to base 2.
-1111000100001000
101000001110111010011011 (base 2) to base 10
10546843
-7d6ac (base 15) to base 12
-173416
What is 1103432012 (base 5) in base 10?
2405257
Convert 5ac8c6 (base 16) to base 13.
13040c6
What is 74db7a (base 14) in base 8?
17057220
What is -2575362 (base 8) in base 5?
-141011402
What is -3213110324 (base 5) in base 2?
-11001110100101100111000
-10101011100010 (base 2) to base 12
-642a
Convert 144558 (base 10) to base 3.
21100022000
Convert 42004332 (base 5) to base 16.
54116
409bc (base 13) to base 10
115920
Convert 2512341 (base 8) to base 5.
134142343
Convert -9d90c6 (base 15) to base 8.
-34545365
What is 963022 (base 12) in base 16?
24265a
-123102213 (base 5) to base 11
-378744
-8020847 (base 10) to base 15
-a86832
What is 14a9762 (base 15) in base 7?
241132604
What is 2798a (base 15) in base 3?
20110020211
-359d67 (base 15) to base 11
-14a1948
Convert -40b159 (base 15) to base 14.
-5a0862
Convert 10010001100111010001100 (base 2) to base 12.
1721324
Convert -22127c8 (base 14) to base 15.
-16491d2
Convert -42aac0 (base 13) to base 7.
-16211630
What is -15aca (base 14) in base 16?
-d402
Convert 208163 (base 14) to base 9.
2053010
What is -2e9ef (base 16) in base 2?
-101110100111101111
a5c32 (base 16) to base 4
2211300302
What is -541223 (base 10) in base 8?
-2041047
Convert -20dd1 (base 15) to base 6.
-2123111
Convert 12965825 (base 10) to base 15.
1211ad5
Convert -133453120 (base 6) to base 7.
-31633635
-23440111 (base 6) to base 9
-1341747
What is 4a4c7 (base 14) in base 3?
100020202002
What is -570460 (base 8) in base 9?
-323440
Convert -10100110101110001 (base 2) to base 5.
-10212421
3088c (base 14) to base 2
11100100011001100
-10110010101000010 (base 2) to base 14
-2548a
What is 14407024 (base 9) in base 14?
d419c2
-2323000320 (base 4) to base 3
-1102220202200
Convert -551090 (base 10) to base 8.
-2064262
Convert -151c9 (base 14) to base 11.
-364a6
1325890 (base 11) to base 8
10574006
21545314 (base 6) to base 11
405777
What is -130331 (base 6) in base 11?
-894a
What is -103110423 (base 5) in base 13?
-125b80
What is -172cd (base 15) in base 12?
-37411
Convert 1703a21 (base 13) to base 6.
423201240
What is -10b01c (base 14) in base 12?
-234882
4942b (base 15) to base 5
24440231
What is 127134 (base 8) in base 5?
2412021
What is -34271 (base 8) in base 3?
-201220211
What is -835cdd (base 15) in base 14?
-b8869c
Convert -251ab (base 14) to base 11.
-62326
What is 1656bb (base 13) in base 10?
554812
Convert 237c4 (base 16) to base 15.
2d0ed
-620252 (base 10) to base 15
-c3ba2
-66109 (base 14) to base 9
-416037
What is 10000110011101010 (base 2) in base 5?
4200332
What is 27475506 (base 8) in base 6?
340414222
Convert -1032232012 (base 4) to base 14.
-85714
What is 1110101212 (base 3) in base 7?
146513
What is 3e769b (base 15) in base 5?
1232340441
-21a6908 (base 14) to base 9
-33084811
-7b7505 (base 12) to base 5
-1001421431
Convert 349450 (base 16) to base 10.
3445840
What is -51342 (base 7) in base 6?
-133553
What is 11000010001110011001 (base 2) in base 5?
200424140
What is 7680 (base 15) in base 13?
b565
1031232330 (base 4) to base 11
1a8241
Convert 117768 (base 9) to base 10.
71342
What is -264122 (base 10) in base 6?
-5354442
2112200000 (base 3) to base 8
141612
What is 1b19d (base 14) in base 8?
206507
What is -46036 (base 7) in base 15?
-36e4
-1565002 (base 7) to base 9
-361687
What is 302076 (base 8) in base 4?
120100332
Convert 43312114 (base 6) to base 2.
100111001101011001110
Convert 243b49 (base 16) to base 12.
966149
Convert -274a0 (base 12) to base 9.
-82383
1012022112 (base 3) to base 7
125453
Convert -50470 (base 9) to base 4.
-20012220
What is -543bb (base 16) in base 4?
-1110032323
Convert 4421503 (base 6) to base 3.
102012202210
What is 7c4ac8 (base 15) in base 11?
3397119
3322323424 (base 5) to base 4
123211012220
What is -34112320 (base 5) in base 2?
-1001001011110100000
What is 4edeb (base 16) in base 13?
b4071
-437144 (base 13) to base 12
-64610b
What is -3428564 (base 9) in base 16?
-1c3a50
-1b595d (base 16) to base 7
-21143336
2222222033 (base 4) to base 5
134332043
What is 7144 (base 10) in base 12?
4174
4c70 (base 13) to base 6
122255
What is -15572 (base 16) in base 12?
-42702
73535c (base 13) to base 5
1142240203
What is 4446b (base 13) in base 10?
123797
20022100010220 (base 3) to base 10
3352776
Convert -31199 (base 15) to base 2.
-100101111111100011
What is -48d2 (base 15) in base 13?
-7091
What is 12401253 (base 6) in base 14?
a7693
-5276b9 (base 12) to base 4
-10331010231
10102010221 (base 3) to base 10
67174
-33412044 (base 6) to base 10
-1012636
b808c (base 13) to base 12
140073
What is 1110010011000010101 (base 2) in base 10?
468501
14353030 (base 6) to base 4
1321112022
Convert -1220740 (base 9) to base 11.
-413358
What is 182068 (base 11) in base 14?
74535
-116040404 (base 7) to base 15
-994262
Convert 63603 (base 7) to base 8.
36564
450536 (base 14) to base 10
2344404
Convert -1b4a6 (base 13) to base 15.
-10ce5
-3a6814 (base 13) to base 3
-2122211200212
What is 8e6f (base 16) in base 5?
2131323
Convert -134674 (base 13) to base 7.
-3653101
What is -354181 (base 11) in base 3?
-1001112202211
Convert 4033340401 (base 5) to base 15.
aa1a6b
What is 11220122000 (base 3) in base 8?
274657
What is -2220011010002 (base 3) in base 16?
-1778e1
243014342 (base 5) to base 3
2011000022122
-24364220 (base 7) to base 12
-893a75
What is 51434243 (base 7) in base 3?
22010000222122
What is -2764902 (base 12) in base 2?
-11101111011101000010010
-2403214 (base 5) to base 14
-12160
Convert -467626 (base 8) to base 7.
-1233263
What is 100322210 (base 4) in base 5?
4204114
Convert -4431066 (base 7) to base 15.
-ab913
10100100001001010 (base 2) to base 11
58162
26446 (base 8) to base 4
2310212
-288e50 (base 16) to base 2
-1010001000111001010000
What is -382684 (base 11) in base 14?
-11a05b
Convert -2697b7 (base 14) to base 9.
-2450604
Convert -3031210122 (base 4) to base 15.
-119740
What is 16138 (base 15) in base 4?
101113301
Convert 30030230101 (base 4) to base 3.
20000110102211
1123434011 (base 5) to base 4
21301123130
-414115205 (base 6) to base 2
-11011011100101001110101
What is -5350220 (base 8) in base 6?
-50350424
Convert a61c (base 13) to base 9.
34505
Convert -27350561 (base 8) to base 7.
-103155361
-7051703 (base 8) to base 4
-13011033003
What is -11492 (base 11) in base 16?
-40ad
What is -5261736 (base 8) in base 16?
-1563de
What is -110000101101000 (base 2) in base 5?
-1244221
Convert -15e45 (base 15) to base 7.
-413111
b48127 (base 12) to base 15
3aeaea
30333200 (base 4) to base 9
80888
Convert 40057 (base 8) to base 4.
10000233
213011322020 (base 4) to base 15
d765cb
Convert -103311031001 (base 4) to base 6.
-303231505
What is -29830 (base 11) in base 9?
-63867
-241562632 (base 7) to base 6
-1254213351
-a1a672 (base 12) to base 16
-269036
1121214 (base 5) to base 4
10323120
39b326 (base 13) to base 7
14601622
Convert -114305100 (base 6) to base 7.
-24310224
What is -973e (base 15) in base 11?
-2205a
What is 13645712 (base 8) in base 15?
4135e9
-886237 (base 15) to base 9
-13207317
What is -1285043 (base 9) in base 10?
-705711
What is -1b8e3 (base 16) in base 14?
-2d1bd
What is 24431444 (base 6) in base 14?
164d24
Convert 356522 (base 8) to base 3.
20012121201
Convert -28099 (base 10) to base 12.
-14317
-210121202210 (base 3)